{"id":7164,"date":"2025-09-18T07:48:30","date_gmt":"2025-09-18T07:48:30","guid":{"rendered":"https:\/\/lavanguardiadecuenca.es\/?page_id=7164"},"modified":"2026-02-01T11:30:56","modified_gmt":"2026-02-01T11:30:56","slug":"publicaciones-del-autor","status":"publish","type":"page","link":"https:\/\/lavanguardiadecuenca.es\/?page_id=7164","title":{"rendered":"PUBLICACIONES DEL AUTOR"},"content":{"rendered":"\n<h2 class=\"wp-block-heading\">Trayectoria y aportaciones literarias<\/h2>\n\n\n\n<p>Juan Andr\u00e9s Buedo Garc\u00eda es una figura reconocida en el \u00e1mbito acad\u00e9mico y<br>literario, especialmente por sus investigaciones sobre el pensamiento pol\u00edtico, la<br>comunicaci\u00f3n y la gesti\u00f3n p\u00fablica. A lo largo de su carrera, ha publicado m\u00e1s de treinta libros y decenas de trabajos en revistas especializadas, que han contribuido al desarrollo de estas disciplinas en el contexto hispano. Entre sus publicaciones m\u00e1s relevantes figuran los siguientes libros:<\/p>\n\n\n\n<ul class=\"wp-block-list\">\n<li><em>Historia de la beneficencia y de las formas de previsi\u00f3n social voluntaria en L\u00e9rida <\/em>(Madrid, 1983)<\/li>\n\n\n\n<li><em>Cuenca, un discurso pol\u00edtico<\/em>&nbsp;(Cuenca, 1988)<\/li>\n\n\n\n<li>\u201cSociolog\u00eda de la marginaci\u00f3n de Cuenca\u201d, en&nbsp;<em>Libro Negro de la marginaci\u00f3n de Cuenca&nbsp;<\/em>(Cuenca, 1994).<\/li>\n\n\n\n<li><em>Piezas period\u00edsticas y compromiso pol\u00edtico<\/em>&nbsp;(Cuenca, 1998)<\/li>\n\n\n\n<li><em>Cuenca en la sociedad de la informaci\u00f3n y la nueva econom\u00eda&nbsp;<\/em>(Cuenca, 2000)<\/li>\n\n\n\n<li><em>Contexto sociopol\u00edtico y progreso de Cuenca&nbsp;<\/em>(Cuenca, 2009)<\/li>\n\n\n\n<li><em>Gobierno recesivo de Cospedal y alternativa de progreso (UPYD) <\/em>(Amazon- CreateSpace Independent Publishing Platform)<\/li>\n\n\n\n<li><em>Particularismo de Cuenca&nbsp;<\/em>(Cuenca, 2018)<\/li>\n\n\n\n<li><em>Catalu\u00f1a ensimismada&nbsp;<\/em>(Madrid, 2020)<\/li>\n\n\n\n<li><em>Enigmas del porvenir de Cuenca&nbsp;<\/em>(Cuenca, 2020)<\/li>\n\n\n\n<li><em>El trance del coronavirus: un esbozo sociol\u00f3gico de la pandemia<\/em>&nbsp;(Madrid, 2021)<\/li>\n\n\n\n<li><em>El artista de Valdeganga&nbsp;<\/em>(Madrid, 2021)<\/li>\n\n\n\n<li><em>El Cambio General y las incertidumbres de Castilla-La Mancha <\/em>(M\u00e1laga, 2022)<\/li>\n\n\n\n<li><em>Reivindicaci\u00f3n del tren para el progreso de Cuenca <\/em>(Sevilla, 2023)<\/li>\n\n\n\n<li><em>El tren que Cuenca precisa. Cr\u00f3nica de su defensa<\/em> (Inca, Islas Baleares, 2025)<\/li>\n\n\n\n<li><em>El compromiso de Samuel Eskenasy<\/em> (Sevilla, 2026)<\/li>\n\n\n\n<li>Otros t\u00edtulos y reediciones aparecen en cat\u00e1logos de librer\u00edas y en su blog\/presencia editorial.<\/li>\n<\/ul>\n\n\n\n<p>Los libros de Juan Andr\u00e9s Buedo Garc\u00eda, seg\u00fan la cr\u00edtica, destacan por su capacidad de an\u00e1lisis y su enfoque interdisciplinario, lo que le permite abordar cuestiones complejas desde diversas perspectivas. Sus aportaciones han sido fundamentales para quienes estudian y practican la comunicaci\u00f3n pol\u00edtica, la gesti\u00f3n p\u00fablica y la gobernanza, as\u00ed como para las personas responsables de pol\u00edticas p\u00fablicas y l\u00edderes sociales. Adem\u00e1s, sus textos se utilizan en programas acad\u00e9micos y cursos de formaci\u00f3n en universidades de Espa\u00f1a y Am\u00e9rica Latina.<\/p>\n\n\n\n<p>Con su obra, el autor ha contribuido de manera notable al desarrollo de las ciencias sociales, pol\u00edticas y jur\u00eddicas, ofreciendo herramientas para comprender y mejorar los sistemas de gobierno en la sociedad contempor\u00e1nea. Para adquirir cualquiera de sus libros, se recomienda consultar librer\u00edas especializadas, plataformas de venta online y cat\u00e1logos universitarios. Los enlaces de compra pueden variar seg\u00fan la edici\u00f3n y el pa\u00eds, por lo que se recomienda verificar la disponibilidad actual en tiendas digitales.<\/p>\n","protected":false},"excerpt":{"rendered":"<p>Trayectoria y aportaciones literarias Juan Andr\u00e9s Buedo Garc\u00eda es una figura reconocida en el \u00e1mbito acad\u00e9mico yliterario, especialmente por sus investigaciones sobre el pensamiento pol\u00edtico, lacomunicaci\u00f3n y la gesti\u00f3n p\u00fablica. A lo largo de su carrera, ha publicado m\u00e1s de treinta libros y decenas de trabajos en revistas especializadas, que han contribuido al desarrollo de&#8230;<\/p>\n","protected":false},"author":1,"featured_media":0,"parent":0,"menu_order":0,"comment_status":"closed","ping_status":"closed","template":"","meta":{"rop_custom_images_group":[],"rop_custom_messages_group":[],"rop_publish_now":"initial","rop_publish_now_accounts":[],"rop_publish_now_history":[],"rop_publish_now_status":"pending","footnotes":""},"class_list":["post-7164","page","type-page","status-publish","hentry"],"yoast_head":"<!-- This site is optimized with the Yoast SEO plugin v27.4 - https:\/\/yoast.com\/product\/yoast-seo-wordpress\/ -->\n<title>PUBLICACIONES DEL AUTOR - La Vanguardia de Cuenca<\/title>\n<meta name=\"robots\" content=\"index, follow, max-snippet:-1, max-image-preview:large, max-video-preview:-1\" \/>\n<link rel=\"canonical\" href=\"https:\/\/lavanguardiadecuenca.es\/?page_id=7164\" \/>\n<meta property=\"og:locale\" content=\"es_ES\" \/>\n<meta property=\"og:type\" content=\"article\" \/>\n<meta property=\"og:title\" content=\"PUBLICACIONES DEL AUTOR - La Vanguardia de Cuenca\" \/>\n<meta property=\"og:description\" content=\"Trayectoria y aportaciones literarias Juan Andr\u00e9s Buedo Garc\u00eda es una figura reconocida en el \u00e1mbito acad\u00e9mico yliterario, especialmente por sus investigaciones sobre el pensamiento pol\u00edtico, lacomunicaci\u00f3n y la gesti\u00f3n p\u00fablica. A lo largo de su carrera, ha publicado m\u00e1s de treinta libros y decenas de trabajos en revistas especializadas, que han contribuido al desarrollo de...\" \/>\n<meta property=\"og:url\" content=\"https:\/\/lavanguardiadecuenca.es\/?page_id=7164\" \/>\n<meta property=\"og:site_name\" content=\"La Vanguardia de Cuenca\" \/>\n<meta property=\"article:modified_time\" content=\"2026-02-01T11:30:56+00:00\" \/>\n<meta name=\"twitter:card\" content=\"summary_large_image\" \/>\n<meta name=\"twitter:label1\" content=\"Tiempo de lectura\" \/>\n\t<meta name=\"twitter:data1\" content=\"2 minutos\" \/>\n<script type=\"application\/ld+json\" class=\"yoast-schema-graph\">{\"@context\":\"https:\\\/\\\/schema.org\",\"@graph\":[{\"@type\":\"WebPage\",\"@id\":\"https:\\\/\\\/lavanguardiadecuenca.es\\\/?page_id=7164\",\"url\":\"https:\\\/\\\/lavanguardiadecuenca.es\\\/?page_id=7164\",\"name\":\"PUBLICACIONES DEL AUTOR - La Vanguardia de Cuenca\",\"isPartOf\":{\"@id\":\"https:\\\/\\\/lavanguardiadecuenca.es\\\/#website\"},\"datePublished\":\"2025-09-18T07:48:30+00:00\",\"dateModified\":\"2026-02-01T11:30:56+00:00\",\"breadcrumb\":{\"@id\":\"https:\\\/\\\/lavanguardiadecuenca.es\\\/?page_id=7164#breadcrumb\"},\"inLanguage\":\"es\",\"potentialAction\":[{\"@type\":\"ReadAction\",\"target\":[\"https:\\\/\\\/lavanguardiadecuenca.es\\\/?page_id=7164\"]}]},{\"@type\":\"BreadcrumbList\",\"@id\":\"https:\\\/\\\/lavanguardiadecuenca.es\\\/?page_id=7164#breadcrumb\",\"itemListElement\":[{\"@type\":\"ListItem\",\"position\":1,\"name\":\"Portada\",\"item\":\"https:\\\/\\\/lavanguardiadecuenca.es\\\/\"},{\"@type\":\"ListItem\",\"position\":2,\"name\":\"PUBLICACIONES DEL AUTOR\"}]},{\"@type\":\"WebSite\",\"@id\":\"https:\\\/\\\/lavanguardiadecuenca.es\\\/#website\",\"url\":\"https:\\\/\\\/lavanguardiadecuenca.es\\\/\",\"name\":\"La Vanguardia de Cuenca\",\"description\":\"Intereses: comunicaci\u00f3n y actualidad en general, weblogs, sociedad, pol\u00edtica\",\"publisher\":{\"@id\":\"https:\\\/\\\/lavanguardiadecuenca.es\\\/#\\\/schema\\\/person\\\/efd3b99fe10ec3fad96a88f3ae7d092f\"},\"potentialAction\":[{\"@type\":\"SearchAction\",\"target\":{\"@type\":\"EntryPoint\",\"urlTemplate\":\"https:\\\/\\\/lavanguardiadecuenca.es\\\/?s={search_term_string}\"},\"query-input\":{\"@type\":\"PropertyValueSpecification\",\"valueRequired\":true,\"valueName\":\"search_term_string\"}}],\"inLanguage\":\"es\"},{\"@type\":[\"Person\",\"Organization\"],\"@id\":\"https:\\\/\\\/lavanguardiadecuenca.es\\\/#\\\/schema\\\/person\\\/efd3b99fe10ec3fad96a88f3ae7d092f\",\"name\":\"Juan Andr\u00e9s Buedo\",\"image\":{\"@type\":\"ImageObject\",\"inLanguage\":\"es\",\"@id\":\"https:\\\/\\\/lavanguardiadecuenca.es\\\/wp-content\\\/uploads\\\/2025\\\/09\\\/6a00d8341c734753ef0278801a3634200d-250si.jpg\",\"url\":\"https:\\\/\\\/lavanguardiadecuenca.es\\\/wp-content\\\/uploads\\\/2025\\\/09\\\/6a00d8341c734753ef0278801a3634200d-250si.jpg\",\"contentUrl\":\"https:\\\/\\\/lavanguardiadecuenca.es\\\/wp-content\\\/uploads\\\/2025\\\/09\\\/6a00d8341c734753ef0278801a3634200d-250si.jpg\",\"width\":250,\"height\":250,\"caption\":\"Juan Andr\u00e9s Buedo\"},\"logo\":{\"@id\":\"https:\\\/\\\/lavanguardiadecuenca.es\\\/wp-content\\\/uploads\\\/2025\\\/09\\\/6a00d8341c734753ef0278801a3634200d-250si.jpg\"},\"sameAs\":[\"https:\\\/\\\/lavanguardiadecuenca.es\\\/\"]}]}<\/script>\n<!-- \/ Yoast SEO plugin. -->","yoast_head_json":{"title":"PUBLICACIONES DEL AUTOR - La Vanguardia de Cuenca","robots":{"index":"index","follow":"follow","max-snippet":"max-snippet:-1","max-image-preview":"max-image-preview:large","max-video-preview":"max-video-preview:-1"},"canonical":"https:\/\/lavanguardiadecuenca.es\/?page_id=7164","og_locale":"es_ES","og_type":"article","og_title":"PUBLICACIONES DEL AUTOR - La Vanguardia de Cuenca","og_description":"Trayectoria y aportaciones literarias Juan Andr\u00e9s Buedo Garc\u00eda es una figura reconocida en el \u00e1mbito acad\u00e9mico yliterario, especialmente por sus investigaciones sobre el pensamiento pol\u00edtico, lacomunicaci\u00f3n y la gesti\u00f3n p\u00fablica. A lo largo de su carrera, ha publicado m\u00e1s de treinta libros y decenas de trabajos en revistas especializadas, que han contribuido al desarrollo de...","og_url":"https:\/\/lavanguardiadecuenca.es\/?page_id=7164","og_site_name":"La Vanguardia de Cuenca","article_modified_time":"2026-02-01T11:30:56+00:00","twitter_card":"summary_large_image","twitter_misc":{"Tiempo de lectura":"2 minutos"},"schema":{"@context":"https:\/\/schema.org","@graph":[{"@type":"WebPage","@id":"https:\/\/lavanguardiadecuenca.es\/?page_id=7164","url":"https:\/\/lavanguardiadecuenca.es\/?page_id=7164","name":"PUBLICACIONES DEL AUTOR - La Vanguardia de Cuenca","isPartOf":{"@id":"https:\/\/lavanguardiadecuenca.es\/#website"},"datePublished":"2025-09-18T07:48:30+00:00","dateModified":"2026-02-01T11:30:56+00:00","breadcrumb":{"@id":"https:\/\/lavanguardiadecuenca.es\/?page_id=7164#breadcrumb"},"inLanguage":"es","potentialAction":[{"@type":"ReadAction","target":["https:\/\/lavanguardiadecuenca.es\/?page_id=7164"]}]},{"@type":"BreadcrumbList","@id":"https:\/\/lavanguardiadecuenca.es\/?page_id=7164#breadcrumb","itemListElement":[{"@type":"ListItem","position":1,"name":"Portada","item":"https:\/\/lavanguardiadecuenca.es\/"},{"@type":"ListItem","position":2,"name":"PUBLICACIONES DEL AUTOR"}]},{"@type":"WebSite","@id":"https:\/\/lavanguardiadecuenca.es\/#website","url":"https:\/\/lavanguardiadecuenca.es\/","name":"La Vanguardia de Cuenca","description":"Intereses: comunicaci\u00f3n y actualidad en general, weblogs, sociedad, pol\u00edtica","publisher":{"@id":"https:\/\/lavanguardiadecuenca.es\/#\/schema\/person\/efd3b99fe10ec3fad96a88f3ae7d092f"},"potentialAction":[{"@type":"SearchAction","target":{"@type":"EntryPoint","urlTemplate":"https:\/\/lavanguardiadecuenca.es\/?s={search_term_string}"},"query-input":{"@type":"PropertyValueSpecification","valueRequired":true,"valueName":"search_term_string"}}],"inLanguage":"es"},{"@type":["Person","Organization"],"@id":"https:\/\/lavanguardiadecuenca.es\/#\/schema\/person\/efd3b99fe10ec3fad96a88f3ae7d092f","name":"Juan Andr\u00e9s Buedo","image":{"@type":"ImageObject","inLanguage":"es","@id":"https:\/\/lavanguardiadecuenca.es\/wp-content\/uploads\/2025\/09\/6a00d8341c734753ef0278801a3634200d-250si.jpg","url":"https:\/\/lavanguardiadecuenca.es\/wp-content\/uploads\/2025\/09\/6a00d8341c734753ef0278801a3634200d-250si.jpg","contentUrl":"https:\/\/lavanguardiadecuenca.es\/wp-content\/uploads\/2025\/09\/6a00d8341c734753ef0278801a3634200d-250si.jpg","width":250,"height":250,"caption":"Juan Andr\u00e9s Buedo"},"logo":{"@id":"https:\/\/lavanguardiadecuenca.es\/wp-content\/uploads\/2025\/09\/6a00d8341c734753ef0278801a3634200d-250si.jpg"},"sameAs":["https:\/\/lavanguardiadecuenca.es\/"]}]}},"_links":{"self":[{"href":"https:\/\/lavanguardiadecuenca.es\/index.php?rest_route=\/wp\/v2\/pages\/7164","targetHints":{"allow":["GET"]}}],"collection":[{"href":"https:\/\/lavanguardiadecuenca.es\/index.php?rest_route=\/wp\/v2\/pages"}],"about":[{"href":"https:\/\/lavanguardiadecuenca.es\/index.php?rest_route=\/wp\/v2\/types\/page"}],"author":[{"embeddable":true,"href":"https:\/\/lavanguardiadecuenca.es\/index.php?rest_route=\/wp\/v2\/users\/1"}],"replies":[{"embeddable":true,"href":"https:\/\/lavanguardiadecuenca.es\/index.php?rest_route=%2Fwp%2Fv2%2Fcomments&post=7164"}],"version-history":[{"count":5,"href":"https:\/\/lavanguardiadecuenca.es\/index.php?rest_route=\/wp\/v2\/pages\/7164\/revisions"}],"predecessor-version":[{"id":7738,"href":"https:\/\/lavanguardiadecuenca.es\/index.php?rest_route=\/wp\/v2\/pages\/7164\/revisions\/7738"}],"wp:attachment":[{"href":"https:\/\/lavanguardiadecuenca.es\/index.php?rest_route=%2Fwp%2Fv2%2Fmedia&parent=7164"}],"curies":[{"name":"wp","href":"https:\/\/api.w.org\/{rel}","templated":true}]}}

<h2 class="wp-block-heading">Trayectoria y aportaciones literarias</h2>



<p>Juan Andrés Buedo García es una figura reconocida en el ámbito académico y<br>literario, especialmente por sus investigaciones sobre el pensamiento político, la<br>comunicación y la gestión pública. A lo largo de su carrera, ha publicado más de treinta libros y decenas de trabajos en revistas especializadas, que han contribuido al desarrollo de estas disciplinas en el contexto hispano. Entre sus publicaciones más relevantes figuran los siguientes libros:</p>



<ul class="wp-block-list">
<li><em>Historia de la beneficencia y de las formas de previsión social voluntaria en Lérida </em>(Madrid, 1983)</li>



<li><em>Cuenca, un discurso político</em>&nbsp;(Cuenca, 1988)</li>



<li>“Sociología de la marginación de Cuenca”, en&nbsp;<em>Libro Negro de la marginación de Cuenca&nbsp;</em>(Cuenca, 1994).</li>



<li><em>Piezas periodísticas y compromiso político</em>&nbsp;(Cuenca, 1998)</li>



<li><em>Cuenca en la sociedad de la información y la nueva economía&nbsp;</em>(Cuenca, 2000)</li>



<li><em>Contexto sociopolítico y progreso de Cuenca&nbsp;</em>(Cuenca, 2009)</li>



<li><em>Gobierno recesivo de Cospedal y alternativa de progreso (UPYD) </em>(Amazon- CreateSpace Independent Publishing Platform)</li>



<li><em>Particularismo de Cuenca&nbsp;</em>(Cuenca, 2018)</li>



<li><em>Cataluña ensimismada&nbsp;</em>(Madrid, 2020)</li>



<li><em>Enigmas del porvenir de Cuenca&nbsp;</em>(Cuenca, 2020)</li>



<li><em>El trance del coronavirus: un esbozo sociológico de la pandemia</em>&nbsp;(Madrid, 2021)</li>



<li><em>El artista de Valdeganga&nbsp;</em>(Madrid, 2021)</li>



<li><em>El Cambio General y las incertidumbres de Castilla-La Mancha </em>(Málaga, 2022)</li>



<li><em>Reivindicación del tren para el progreso de Cuenca </em>(Sevilla, 2023)</li>



<li><em>El tren que Cuenca precisa. Crónica de su defensa</em> (Inca, Islas Baleares, 2025)</li>



<li><em>El compromiso de Samuel Eskenasy</em> (Sevilla, 2026)</li>



<li>Otros títulos y reediciones aparecen en catálogos de librerías y en su blog/presencia editorial.</li>
</ul>



<p>Los libros de Juan Andrés Buedo García, según la crítica, destacan por su capacidad de análisis y su enfoque interdisciplinario, lo que le permite abordar cuestiones complejas desde diversas perspectivas. Sus aportaciones han sido fundamentales para quienes estudian y practican la comunicación política, la gestión pública y la gobernanza, así como para las personas responsables de políticas públicas y líderes sociales. Además, sus textos se utilizan en programas académicos y cursos de formación en universidades de España y América Latina.</p>



<p>Con su obra, el autor ha contribuido de manera notable al desarrollo de las ciencias sociales, políticas y jurídicas, ofreciendo herramientas para comprender y mejorar los sistemas de gobierno en la sociedad contemporánea. Para adquirir cualquiera de sus libros, se recomienda consultar librerías especializadas, plataformas de venta online y catálogos universitarios. Los enlaces de compra pueden variar según la edición y el país, por lo que se recomienda verificar la disponibilidad actual en tiendas digitales.</p>

<p>Trayectoria y aportaciones literarias Juan Andrés Buedo García es una figura reconocida en el ámbito académico yliterario, especialmente por sus investigaciones sobre el pensamiento político, lacomunicación y la gestión pública. A lo largo de su carrera, ha publicado más de treinta libros y decenas de trabajos en revistas especializadas, que han contribuido al desarrollo de&#8230;</p>

<!-- This site is optimized with the Yoast SEO plugin v27.4 - https://yoast.com/product/yoast-seo-wordpress/ -->
<title>PUBLICACIONES DEL AUTOR - La Vanguardia de Cuenca</title>
<meta name="robots" content="index, follow, max-snippet:-1, max-image-preview:large, max-video-preview:-1" />
<link rel="canonical" href="https://lavanguardiadecuenca.es/?page_id=7164" />
<meta property="og:locale" content="es_ES" />
<meta property="og:type" content="article" />
<meta property="og:title" content="PUBLICACIONES DEL AUTOR - La Vanguardia de Cuenca" />
<meta property="og:description" content="Trayectoria y aportaciones literarias Juan Andrés Buedo García es una figura reconocida en el ámbito académico yliterario, especialmente por sus investigaciones sobre el pensamiento político, lacomunicación y la gestión pública. A lo largo de su carrera, ha publicado más de treinta libros y decenas de trabajos en revistas especializadas, que han contribuido al desarrollo de..." />
<meta property="og:url" content="https://lavanguardiadecuenca.es/?page_id=7164" />
<meta property="og:site_name" content="La Vanguardia de Cuenca" />
<meta property="article:modified_time" content="2026-02-01T11:30:56+00:00" />
<meta name="twitter:card" content="summary_large_image" />
<meta name="twitter:label1" content="Tiempo de lectura" />
	<meta name="twitter:data1" content="2 minutos" />
<script type="application/ld+json" class="yoast-schema-graph">{"@context":"https:\/\/schema.org","@graph":[{"@type":"WebPage","@id":"https:\/\/lavanguardiadecuenca.es\/?page_id=7164","url":"https:\/\/lavanguardiadecuenca.es\/?page_id=7164","name":"PUBLICACIONES DEL AUTOR - La Vanguardia de Cuenca","isPartOf":{"@id":"https:\/\/lavanguardiadecuenca.es\/#website"},"datePublished":"2025-09-18T07:48:30+00:00","dateModified":"2026-02-01T11:30:56+00:00","breadcrumb":{"@id":"https:\/\/lavanguardiadecuenca.es\/?page_id=7164#breadcrumb"},"inLanguage":"es","potentialAction":[{"@type":"ReadAction","target":["https:\/\/lavanguardiadecuenca.es\/?page_id=7164"]}]},{"@type":"BreadcrumbList","@id":"https:\/\/lavanguardiadecuenca.es\/?page_id=7164#breadcrumb","itemListElement":[{"@type":"ListItem","position":1,"name":"Portada","item":"https:\/\/lavanguardiadecuenca.es\/"},{"@type":"ListItem","position":2,"name":"PUBLICACIONES DEL AUTOR"}]},{"@type":"WebSite","@id":"https:\/\/lavanguardiadecuenca.es\/#website","url":"https:\/\/lavanguardiadecuenca.es\/","name":"La Vanguardia de Cuenca","description":"Intereses: comunicación y actualidad en general, weblogs, sociedad, política","publisher":{"@id":"https:\/\/lavanguardiadecuenca.es\/#\/schema\/person\/efd3b99fe10ec3fad96a88f3ae7d092f"},"potentialAction":[{"@type":"SearchAction","target":{"@type":"EntryPoint","urlTemplate":"https:\/\/lavanguardiadecuenca.es\/?s={search_term_string}"},"query-input":{"@type":"PropertyValueSpecification","valueRequired":true,"valueName":"search_term_string"}}],"inLanguage":"es"},{"@type":["Person","Organization"],"@id":"https:\/\/lavanguardiadecuenca.es\/#\/schema\/person\/efd3b99fe10ec3fad96a88f3ae7d092f","name":"Juan Andrés Buedo","image":{"@type":"ImageObject","inLanguage":"es","@id":"https:\/\/lavanguardiadecuenca.es\/wp-content\/uploads\/2025\/09\/6a00d8341c734753ef0278801a3634200d-250si.jpg","url":"https:\/\/lavanguardiadecuenca.es\/wp-content\/uploads\/2025\/09\/6a00d8341c734753ef0278801a3634200d-250si.jpg","contentUrl":"https:\/\/lavanguardiadecuenca.es\/wp-content\/uploads\/2025\/09\/6a00d8341c734753ef0278801a3634200d-250si.jpg","width":250,"height":250,"caption":"Juan Andrés Buedo"},"logo":{"@id":"https:\/\/lavanguardiadecuenca.es\/wp-content\/uploads\/2025\/09\/6a00d8341c734753ef0278801a3634200d-250si.jpg"},"sameAs":["https:\/\/lavanguardiadecuenca.es\/"]}]}</script>
<!-- / Yoast SEO plugin. -->

Trayectoria y aportaciones literarias Juan Andrés Buedo García es una figura reconocida en el ámbito académico yliterario, especialmente por sus investigaciones sobre el pensamiento político, lacomunicación y la gestión pública. A lo largo de su carrera, ha publicado más de treinta libros y decenas de trabajos en revistas especializadas, que han contribuido al desarrollo de...

Intereses: comunicación y actualidad en general, weblogs, sociedad, política

Juan Andrés Buedo
